{"id":2264,"date":"2022-12-04T11:12:23","date_gmt":"2022-12-04T11:12:23","guid":{"rendered":"https:\/\/florenciabevilacqua.com\/?page_id=2264"},"modified":"2024-11-11T14:52:26","modified_gmt":"2024-11-11T14:52:26","slug":"modalidades","status":"publish","type":"page","link":"https:\/\/florenciabevilacqua.com\/index.php\/modalidades\/","title":{"rendered":"Modalidades"},"content":{"rendered":"\t\t<div data-elementor-type=\"wp-post\" data-elementor-id=\"2264\" class=\"elementor elementor-2264\">\n\t\t\t\t\t\t<div class=\"elementor-inner\">\n\t\t\t\t<div class=\"elementor-section-wrap\">\n\t\t\t\t\t\t\t\t\t<section class=\"elementor-section elementor-top-section elementor-element elementor-element-14acee1 elementor-section-boxed elementor-section-height-default elementor-section-height-default\" data-id=\"14acee1\" data-element_type=\"section\" data-settings=\"{&quot;background_background&quot;:&quot;classic&quot;}\">\n\t\t\t\t\t\t<div class=\"elementor-container elementor-column-gap-default\">\n\t\t\t\t\t\t\t<div class=\"elementor-row\">\n\t\t\t\t\t<div class=\"elementor-column elementor-col-100 elementor-top-column elementor-element elementor-element-2e9eb55\" data-id=\"2e9eb55\" data-element_type=\"column\">\n\t\t\t<div class=\"elementor-column-wrap elementor-element-populated\">\n\t\t\t\t\t\t\t<div class=\"elementor-widget-wrap\">\n\t\t\t\t\t\t<section class=\"elementor-section elementor-inner-section elementor-element elementor-element-2316839 elementor-section-boxed elementor-section-height-default elementor-section-height-default\" data-id=\"2316839\" data-element_type=\"section\">\n\t\t\t\t\t\t<div class=\"elementor-container elementor-column-gap-default\">\n\t\t\t\t\t\t\t<div class=\"elementor-row\">\n\t\t\t\t\t<div class=\"elementor-column elementor-col-50 elementor-inner-column elementor-element elementor-element-eac9785\" data-id=\"eac9785\" data-element_type=\"column\">\n\t\t\t<div class=\"elementor-column-wrap\">\n\t\t\t\t\t\t\t<div class=\"elementor-widget-wrap\">\n\t\t\t\t\t\t\t\t<\/div>\n\t\t\t\t\t<\/div>\n\t\t<\/div>\n\t\t\t\t<div class=\"elementor-column elementor-col-50 elementor-inner-column elementor-element elementor-element-7049059\" data-id=\"7049059\" data-element_type=\"column\">\n\t\t\t<div class=\"elementor-column-wrap elementor-element-populated\">\n\t\t\t\t\t\t\t<div class=\"elementor-widget-wrap\">\n\t\t\t\t\t\t<div class=\"elementor-element elementor-element-c5853c5 elementor-widget__width-initial elementor-absolute elementor-widget elementor-widget-text-editor\" data-id=\"c5853c5\" data-element_type=\"widget\" data-settings=\"{&quot;_position&quot;:&quot;absolute&quot;}\" data-widget_type=\"text-editor.default\">\n\t\t\t\t<div class=\"elementor-widget-container\">\n\t\t\t\t\t\t\t\t<div class=\"elementor-text-editor elementor-clearfix\">\n\t\t\t\t<p style=\"text-align: right;\"><em>\u00abIgnoro si cre\u00ed alguna vez en la Ciudad de los Inmortales: pienso que entonces me bast\u00f3 la tarea de buscarla.\u00bb <\/em><\/p><p style=\"text-align: right;\"><em>Jorge Luis Borges<\/em><\/p>\t\t\t\t\t<\/div>\n\t\t\t\t\t\t<\/div>\n\t\t\t\t<\/div>\n\t\t\t\t\t\t<\/div>\n\t\t\t\t\t<\/div>\n\t\t<\/div>\n\t\t\t\t\t\t\t\t<\/div>\n\t\t\t\t\t<\/div>\n\t\t<\/section>\n\t\t\t\t<div class=\"elementor-element elementor-element-a9a1a8b elementor-widget elementor-widget-heading\" data-id=\"a9a1a8b\" data-element_type=\"widget\" data-widget_type=\"heading.default\">\n\t\t\t\t<div class=\"elementor-widget-container\">\n\t\t\t<h2 class=\"elementor-heading-title elementor-size-default\">Modalidades<\/h2>\t\t<\/div>\n\t\t\t\t<\/div>\n\t\t\t\t\t\t<\/div>\n\t\t\t\t\t<\/div>\n\t\t<\/div>\n\t\t\t\t\t\t\t\t<\/div>\n\t\t\t\t\t<\/div>\n\t\t<\/section>\n\t\t\t\t<section class=\"elementor-section elementor-top-section elementor-element elementor-element-57b33748 elementor-section-boxed elementor-section-height-default elementor-section-height-default\" data-id=\"57b33748\" data-element_type=\"section\" id=\"xs_testi_3\" data-settings=\"{&quot;background_background&quot;:&quot;classic&quot;}\">\n\t\t\t\t\t\t<div class=\"elementor-container elementor-column-gap-default\">\n\t\t\t\t\t\t\t<div class=\"elementor-row\">\n\t\t\t\t\t<div class=\"elementor-column elementor-col-100 elementor-top-column elementor-element elementor-element-73f9b41b\" data-id=\"73f9b41b\" data-element_type=\"column\">\n\t\t\t<div class=\"elementor-column-wrap elementor-element-populated\">\n\t\t\t\t\t\t\t<div class=\"elementor-widget-wrap\">\n\t\t\t\t\t\t<div class=\"elementor-element elementor-element-3cf1d03 elementor-widget elementor-widget-image\" data-id=\"3cf1d03\" data-element_type=\"widget\" data-widget_type=\"image.default\">\n\t\t\t\t<div class=\"elementor-widget-container\">\n\t\t\t\t\t\t\t\t<div class=\"elementor-image\">\n\t\t\t\t\t\t\t\t\t\t\t\t<img decoding=\"async\" width=\"300\" height=\"173\" src=\"https:\/\/florenciabevilacqua.com\/wp-content\/uploads\/2022\/12\/divan_florencia_bevilacqua-Editado-300x173.png\" class=\"attachment-medium size-medium wp-image-2647\" alt=\"\" loading=\"lazy\" srcset=\"https:\/\/florenciabevilacqua.com\/wp-content\/uploads\/2022\/12\/divan_florencia_bevilacqua-Editado-300x173.png 300w, https:\/\/florenciabevilacqua.com\/wp-content\/uploads\/2022\/12\/divan_florencia_bevilacqua-Editado-1024x591.png 1024w, https:\/\/florenciabevilacqua.com\/wp-content\/uploads\/2022\/12\/divan_florencia_bevilacqua-Editado-768x443.png 768w, https:\/\/florenciabevilacqua.com\/wp-content\/uploads\/2022\/12\/divan_florencia_bevilacqua-Editado.png 1145w\" sizes=\"(max-width: 300px) 100vw, 300px\" \/>\t\t\t\t\t\t\t\t\t\t\t\t\t\t<\/div>\n\t\t\t\t\t\t<\/div>\n\t\t\t\t<\/div>\n\t\t\t\t\t\t<\/div>\n\t\t\t\t\t<\/div>\n\t\t<\/div>\n\t\t\t\t\t\t\t\t<\/div>\n\t\t\t\t\t<\/div>\n\t\t<\/section>\n\t\t\t\t<section class=\"elementor-section elementor-top-section elementor-element elementor-element-7eb5fe2 elementor-section-boxed elementor-section-height-default elementor-section-height-default\" data-id=\"7eb5fe2\" data-element_type=\"section\">\n\t\t\t\t\t\t<div class=\"elementor-container elementor-column-gap-default\">\n\t\t\t\t\t\t\t<div class=\"elementor-row\">\n\t\t\t\t\t<div class=\"elementor-column elementor-col-25 elementor-top-column elementor-element elementor-element-4236062\" data-id=\"4236062\" data-element_type=\"column\">\n\t\t\t<div class=\"elementor-column-wrap elementor-element-populated\">\n\t\t\t\t\t\t\t<div class=\"elementor-widget-wrap\">\n\t\t\t\t\t\t<section class=\"elementor-section elementor-inner-section elementor-element elementor-element-a052c3c elementor-section-boxed elementor-section-height-default elementor-section-height-default\" data-id=\"a052c3c\" data-element_type=\"section\">\n\t\t\t\t\t\t<div class=\"elementor-container elementor-column-gap-default\">\n\t\t\t\t\t\t\t<div class=\"elementor-row\">\n\t\t\t\t\t<div class=\"elementor-column elementor-col-100 elementor-inner-column elementor-element elementor-element-4d20126\" data-id=\"4d20126\" data-element_type=\"column\">\n\t\t\t<div class=\"elementor-column-wrap elementor-element-populated\">\n\t\t\t\t\t\t\t<div class=\"elementor-widget-wrap\">\n\t\t\t\t\t\t<div class=\"elementor-element elementor-element-4bfb3d5 elementor-position-top elementor-vertical-align-top elementor-widget elementor-widget-image-box\" data-id=\"4bfb3d5\" data-element_type=\"widget\" data-widget_type=\"image-box.default\">\n\t\t\t\t<div class=\"elementor-widget-container\">\n\t\t\t<div class=\"elementor-image-box-wrapper\"><figure class=\"elementor-image-box-img\"><img decoding=\"async\" width=\"75\" height=\"107\" src=\"https:\/\/florenciabevilacqua.com\/wp-content\/uploads\/2022\/12\/embrollito.svg\" class=\"attachment-full size-full wp-image-2596\" alt=\"\" loading=\"lazy\" \/><\/figure><div class=\"elementor-image-box-content\"><h3 class=\"elementor-image-box-title\">Modalidad presencial<\/h3><p class=\"elementor-image-box-description\">Atenci\u00f3n individual para dificultades de car\u00e1cter emocional. <br>Sesiones individuales de 45 a 60 minutos <br>\n<\/p><\/div><\/div>\t\t<\/div>\n\t\t\t\t<\/div>\n\t\t\t\t\t\t<\/div>\n\t\t\t\t\t<\/div>\n\t\t<\/div>\n\t\t\t\t\t\t\t\t<\/div>\n\t\t\t\t\t<\/div>\n\t\t<\/section>\n\t\t\t\t<div class=\"elementor-element elementor-element-1bcc18c elementor-align-center elementor-widget elementor-widget-button\" data-id=\"1bcc18c\" data-element_type=\"widget\" data-widget_type=\"button.default\">\n\t\t\t\t<div class=\"elementor-widget-container\">\n\t\t\t\t\t<div class=\"elementor-button-wrapper\">\n\t\t\t<a href=\"https:\/\/florenciabevilacqua.com\/index.php\/contacto\/\" class=\"elementor-button-link elementor-button elementor-size-sm elementor-animation-grow\" role=\"button\">\n\t\t\t\t\t\t<span class=\"elementor-button-content-wrapper\">\n\t\t\t\t\t\t<span class=\"elementor-button-text\">Cont\u00e1ctame<\/span>\n\t\t<\/span>\n\t\t\t\t\t<\/a>\n\t\t<\/div>\n\t\t\t\t<\/div>\n\t\t\t\t<\/div>\n\t\t\t\t\t\t<\/div>\n\t\t\t\t\t<\/div>\n\t\t<\/div>\n\t\t\t\t<div class=\"elementor-column elementor-col-25 elementor-top-column elementor-element elementor-element-48b903c\" data-id=\"48b903c\" data-element_type=\"column\">\n\t\t\t<div class=\"elementor-column-wrap elementor-element-populated\">\n\t\t\t\t\t\t\t<div class=\"elementor-widget-wrap\">\n\t\t\t\t\t\t<div class=\"elementor-element elementor-element-3519985 elementor-position-top elementor-vertical-align-top elementor-widget elementor-widget-image-box\" data-id=\"3519985\" data-element_type=\"widget\" data-widget_type=\"image-box.default\">\n\t\t\t\t<div class=\"elementor-widget-container\">\n\t\t\t<div class=\"elementor-image-box-wrapper\"><figure class=\"elementor-image-box-img\"><img decoding=\"async\" width=\"75\" height=\"107\" src=\"https:\/\/florenciabevilacqua.com\/wp-content\/uploads\/2022\/12\/embrollito.svg\" class=\"attachment-full size-full wp-image-2596\" alt=\"\" loading=\"lazy\" \/><\/figure><div class=\"elementor-image-box-content\"><h3 class=\"elementor-image-box-title\">Modalidad en l\u00ednea<\/h3><p class=\"elementor-image-box-description\">Atenci\u00f3n individual para dificultades de car\u00e1cter emocional de forma remota a trav\u00e9s de plataformas online, para aquellos que no puedan asistir a consulta presencial ya sea por ubicaci\u00f3n o por dificultades de accesibilidad.\n <br>\nSesiones de 45 a 60 minutos\u00a0<\/p><\/div><\/div>\t\t<\/div>\n\t\t\t\t<\/div>\n\t\t\t\t<div class=\"elementor-element elementor-element-a8de392 elementor-align-center elementor-widget elementor-widget-button\" data-id=\"a8de392\" data-element_type=\"widget\" data-widget_type=\"button.default\">\n\t\t\t\t<div class=\"elementor-widget-container\">\n\t\t\t\t\t<div class=\"elementor-button-wrapper\">\n\t\t\t<a href=\"https:\/\/florenciabevilacqua.com\/index.php\/contacto\/\" class=\"elementor-button-link elementor-button elementor-size-sm elementor-animation-grow\" role=\"button\">\n\t\t\t\t\t\t<span class=\"elementor-button-content-wrapper\">\n\t\t\t\t\t\t<span class=\"elementor-button-text\">Cont\u00e1ctame<\/span>\n\t\t<\/span>\n\t\t\t\t\t<\/a>\n\t\t<\/div>\n\t\t\t\t<\/div>\n\t\t\t\t<\/div>\n\t\t\t\t\t\t<\/div>\n\t\t\t\t\t<\/div>\n\t\t<\/div>\n\t\t\t\t<div class=\"elementor-column elementor-col-25 elementor-top-column elementor-element elementor-element-3edf665\" data-id=\"3edf665\" data-element_type=\"column\">\n\t\t\t<div class=\"elementor-column-wrap elementor-element-populated\">\n\t\t\t\t\t\t\t<div class=\"elementor-widget-wrap\">\n\t\t\t\t\t\t<div class=\"elementor-element elementor-element-e5cead9 elementor-position-top elementor-vertical-align-top elementor-widget elementor-widget-image-box\" data-id=\"e5cead9\" data-element_type=\"widget\" data-widget_type=\"image-box.default\">\n\t\t\t\t<div class=\"elementor-widget-container\">\n\t\t\t<div class=\"elementor-image-box-wrapper\"><figure class=\"elementor-image-box-img\"><img decoding=\"async\" width=\"75\" height=\"107\" src=\"https:\/\/florenciabevilacqua.com\/wp-content\/uploads\/2022\/12\/embrollito.svg\" class=\"attachment-full size-full wp-image-2596\" alt=\"\" loading=\"lazy\" \/><\/figure><div class=\"elementor-image-box-content\"><h3 class=\"elementor-image-box-title\">Coordinaci\u00f3n e intervenci\u00f3n a grupos<\/h3><p class=\"elementor-image-box-description\">An\u00e1lisis de grupos para reconocer e intervenir en la din\u00e1mica entre los integrantes y buscar un mejor funcionamiento, a trav\u00e9s del dise\u00f1o e implementaci\u00f3n de estrategias, de acuerdo a los objetivos planteados o a las necesidades identificadas.\n<br>\nSesiones de 90 minutos\n<\/p><\/div><\/div>\t\t<\/div>\n\t\t\t\t<\/div>\n\t\t\t\t<div class=\"elementor-element elementor-element-e5bae82 elementor-align-center elementor-widget elementor-widget-button\" data-id=\"e5bae82\" data-element_type=\"widget\" data-widget_type=\"button.default\">\n\t\t\t\t<div class=\"elementor-widget-container\">\n\t\t\t\t\t<div class=\"elementor-button-wrapper\">\n\t\t\t<a href=\"https:\/\/florenciabevilacqua.com\/index.php\/contacto\/\" class=\"elementor-button-link elementor-button elementor-size-sm elementor-animation-grow\" role=\"button\">\n\t\t\t\t\t\t<span class=\"elementor-button-content-wrapper\">\n\t\t\t\t\t\t<span class=\"elementor-button-text\">Cont\u00e1ctame<\/span>\n\t\t<\/span>\n\t\t\t\t\t<\/a>\n\t\t<\/div>\n\t\t\t\t<\/div>\n\t\t\t\t<\/div>\n\t\t\t\t\t\t<\/div>\n\t\t\t\t\t<\/div>\n\t\t<\/div>\n\t\t\t\t<div class=\"elementor-column elementor-col-25 elementor-top-column elementor-element elementor-element-a27fe97\" data-id=\"a27fe97\" data-element_type=\"column\">\n\t\t\t<div class=\"elementor-column-wrap elementor-element-populated\">\n\t\t\t\t\t\t\t<div class=\"elementor-widget-wrap\">\n\t\t\t\t\t\t<div class=\"elementor-element elementor-element-5c89bb7 elementor-position-top elementor-vertical-align-top elementor-widget elementor-widget-image-box\" data-id=\"5c89bb7\" data-element_type=\"widget\" data-widget_type=\"image-box.default\">\n\t\t\t\t<div class=\"elementor-widget-container\">\n\t\t\t<div class=\"elementor-image-box-wrapper\"><figure class=\"elementor-image-box-img\"><img decoding=\"async\" width=\"75\" height=\"107\" src=\"https:\/\/florenciabevilacqua.com\/wp-content\/uploads\/2022\/12\/embrollito.svg\" class=\"attachment-full size-full wp-image-2596\" alt=\"\" loading=\"lazy\" \/><\/figure><div class=\"elementor-image-box-content\"><h3 class=\"elementor-image-box-title\">Conferencias, talleres, cursos<\/h3><p class=\"elementor-image-box-description\">Impartici\u00f3n de temas formativos y de reflexi\u00f3n desde las disciplinas de la Psicolog\u00eda y el Psicoan\u00e1lisis, para p\u00fablico en general, entidades educativas o empresas. <br>\nTiempo sujeto al tipo de intervenci\u00f3n\n<\/p><\/div><\/div>\t\t<\/div>\n\t\t\t\t<\/div>\n\t\t\t\t<div class=\"elementor-element elementor-element-f2ab1a1 elementor-align-center elementor-widget elementor-widget-button\" data-id=\"f2ab1a1\" data-element_type=\"widget\" data-widget_type=\"button.default\">\n\t\t\t\t<div class=\"elementor-widget-container\">\n\t\t\t\t\t<div class=\"elementor-button-wrapper\">\n\t\t\t<a href=\"https:\/\/florenciabevilacqua.com\/index.php\/contacto\/\" class=\"elementor-button-link elementor-button elementor-size-sm elementor-animation-grow\" role=\"button\">\n\t\t\t\t\t\t<span class=\"elementor-button-content-wrapper\">\n\t\t\t\t\t\t<span class=\"elementor-button-text\">Cont\u00e1ctame<\/span>\n\t\t<\/span>\n\t\t\t\t\t<\/a>\n\t\t<\/div>\n\t\t\t\t<\/div>\n\t\t\t\t<\/div>\n\t\t\t\t\t\t<\/div>\n\t\t\t\t\t<\/div>\n\t\t<\/div>\n\t\t\t\t\t\t\t\t<\/div>\n\t\t\t\t\t<\/div>\n\t\t<\/section>\n\t\t\t\t<section class=\"elementor-section elementor-top-section elementor-element elementor-element-d89e7fd elementor-section-boxed elementor-section-height-default elementor-section-height-default\" data-id=\"d89e7fd\" data-element_type=\"section\">\n\t\t\t\t\t\t<div class=\"elementor-container elementor-column-gap-default\">\n\t\t\t\t\t\t\t<div class=\"elementor-row\">\n\t\t\t\t\t<div class=\"elementor-column elementor-col-100 elementor-top-column elementor-element elementor-element-88e3e1f\" data-id=\"88e3e1f\" data-element_type=\"column\">\n\t\t\t<div class=\"elementor-column-wrap elementor-element-populated\">\n\t\t\t\t\t\t\t<div class=\"elementor-widget-wrap\">\n\t\t\t\t\t\t<div class=\"elementor-element elementor-element-8be4650 elementor-widget elementor-widget-spacer\" data-id=\"8be4650\" data-element_type=\"widget\" data-widget_type=\"spacer.default\">\n\t\t\t\t<div class=\"elementor-widget-container\">\n\t\t\t\t\t<div class=\"elementor-spacer\">\n\t\t\t<div class=\"elementor-spacer-inner\"><\/div>\n\t\t<\/div>\n\t\t\t\t<\/div>\n\t\t\t\t<\/div>\n\t\t\t\t\t\t<\/div>\n\t\t\t\t\t<\/div>\n\t\t<\/div>\n\t\t\t\t\t\t\t\t<\/div>\n\t\t\t\t\t<\/div>\n\t\t<\/section>\n\t\t\t\t\t\t\t\t\t<\/div>\n\t\t\t<\/div>\n\t\t\t\t\t<\/div>\n\t\t","protected":false},"excerpt":{"rendered":"<p>\u00abIgnoro si cre\u00ed alguna vez en la Ciudad de los Inmortales: pienso que entonces me bast\u00f3 la tarea de buscarla.\u00bb Jorge Luis Borges Modalidades Modalidad presencial Atenci\u00f3n individual para dificultades de car\u00e1cter emocional. Sesiones individuales de 45 a 60 minutos Cont\u00e1ctame Modalidad en l\u00ednea Atenci\u00f3n individual para dificultades de car\u00e1cter emocional de forma remota a &hellip;<\/p>\n<p class=\"read-more\"> <a class=\"\" href=\"https:\/\/florenciabevilacqua.com\/index.php\/modalidades\/\"> <span class=\"screen-reader-text\">Modalidades<\/span> Read More &raquo;<\/a><\/p>\n","protected":false},"author":1,"featured_media":0,"parent":0,"menu_order":0,"comment_status":"closed","ping_status":"closed","template":"","meta":{"_uag_custom_page_level_css":""},"uagb_featured_image_src":{"full":false,"thumbnail":false,"medium":false,"medium_large":false,"large":false,"1536x1536":false,"2048x2048":false},"uagb_author_info":{"display_name":"psiflorenciabevilacqua@gmail.com","author_link":"https:\/\/florenciabevilacqua.com\/index.php\/author\/psiflorenciabevilacquagmail-com\/"},"uagb_comment_info":0,"uagb_excerpt":"\u00abIgnoro si cre\u00ed alguna vez en la Ciudad de los Inmortales: pienso que entonces me bast\u00f3 la tarea de buscarla.\u00bb Jorge Luis Borges Modalidades Modalidad presencial Atenci\u00f3n individual para dificultades de car\u00e1cter emocional. Sesiones individuales de 45 a 60 minutos Cont\u00e1ctame Modalidad en l\u00ednea Atenci\u00f3n individual para dificultades de car\u00e1cter emocional de forma remota a&hellip;","_links":{"self":[{"href":"https:\/\/florenciabevilacqua.com\/index.php\/wp-json\/wp\/v2\/pages\/2264"}],"collection":[{"href":"https:\/\/florenciabevilacqua.com\/index.php\/wp-json\/wp\/v2\/pages"}],"about":[{"href":"https:\/\/florenciabevilacqua.com\/index.php\/wp-json\/wp\/v2\/types\/page"}],"author":[{"embeddable":true,"href":"https:\/\/florenciabevilacqua.com\/index.php\/wp-json\/wp\/v2\/users\/1"}],"replies":[{"embeddable":true,"href":"https:\/\/florenciabevilacqua.com\/index.php\/wp-json\/wp\/v2\/comments?post=2264"}],"version-history":[{"count":93,"href":"https:\/\/florenciabevilacqua.com\/index.php\/wp-json\/wp\/v2\/pages\/2264\/revisions"}],"predecessor-version":[{"id":3064,"href":"https:\/\/florenciabevilacqua.com\/index.php\/wp-json\/wp\/v2\/pages\/2264\/revisions\/3064"}],"wp:attachment":[{"href":"https:\/\/florenciabevilacqua.com\/index.php\/wp-json\/wp\/v2\/media?parent=2264"}],"curies":[{"name":"wp","href":"https:\/\/api.w.org\/{rel}","templated":true}]}}